{"id":242,"date":"2019-09-09T23:21:12","date_gmt":"2019-09-09T21:21:12","guid":{"rendered":"https:\/\/pepperstrings.ch\/?page_id=242"},"modified":"2020-02-08T23:34:48","modified_gmt":"2020-02-08T21:34:48","slug":"the-story-of-pepper-strings","status":"publish","type":"page","link":"https:\/\/pepperstrings.ch\/index.php\/the-story-of-pepper-strings\/","title":{"rendered":"The Whole Story of Pepper Strings\u200b"},"content":{"rendered":"\n<figure class=\"wp-block-image size-large\"><img loading=\"lazy\" decoding=\"async\" width=\"1024\" height=\"710\" src=\"https:\/\/pepperstrings.ch\/wp-content\/uploads\/2020\/02\/story-s-1024x710.jpg\" alt=\"\" class=\"wp-image-741\" srcset=\"https:\/\/pepperstrings.ch\/wp-content\/uploads\/2020\/02\/story-s-1024x710.jpg 1024w, https:\/\/pepperstrings.ch\/wp-content\/uploads\/2020\/02\/story-s-300x208.jpg 300w, https:\/\/pepperstrings.ch\/wp-content\/uploads\/2020\/02\/story-s-768x532.jpg 768w, https:\/\/pepperstrings.ch\/wp-content\/uploads\/2020\/02\/story-s-1536x1065.jpg 1536w, https:\/\/pepperstrings.ch\/wp-content\/uploads\/2020\/02\/story-s-2048x1420.jpg 2048w\" sizes=\"auto, (max-width: 1024px) 100vw, 1024px\" \/><\/figure>\n\n\n<p>Im zarten Teenager-Alter wachte W\u00f6rni eines Morgens auf und wusste: ich w\u00fcnsche mir eine Gitarre! Mit viel jugendlicher Naivit\u00e4t und hartn\u00e4ckigem Fleiss erarbeitete er sich die Grundbegriffe des Gitarrenspiels und beeindruckte damit seine Schulkameraden im Knaben-Internat. Bald schon verfiel er mit Haut und Haar der amerikanischen Musik der 50er und 60er Jahre, insbesondere seinem Idol Elvis und dem Rock\u2019n\u2019Roll. Der Weg zur ersten Bandgr\u00fcndung war nicht mehr weit. Nach vielen wechselnden Bandgruppierungen und einer k\u00fcnstlerischen Pause entstand 2013 das Duo Pepper Strings mit W\u00f6rni an der Rhythmus-Gitarre und Roland am Kontrabass. Die Formation war urspr\u00fcnglich als einmaliges Projekt gedacht, um die Jubil\u00e4umsfeier eines Gesch\u00e4ftes f\u00fcr Western- und Armee-Bekleidung musikalisch zu untermalen. Doch das Duo fand grossen Anklang und erhielt einige interessante Engagements. So stiess zu dem Duo bald der Drummer Andreas dazu. Das Konzept \u2013 bekannte und unbekanntere Cover-Songs aus den 50er und 60er Jahren \u2013 \u00fcberzeugte das Publikum und brachte dem Trio \u00fcber die Jahre zahlreiche Auftritte.<\/p>\n<p>2015 erweiterte sich die Band mit Monika (Harp, Percussion und Gesang). Christian ersetzte 2016 die entstandene Vakanz am Bass und 2018 stiess Gabriel als neuer Drummer zu den Pepper Strings. Seit Ende 2019 erg\u00e4nzt Dani mit seiner Leadgitarre die Band als 5. Mitglied.<\/p>","protected":false},"excerpt":{"rendered":"<p>Im zarten Teenager-Alter wachte W\u00f6rni eines Morgens auf und wusste: ich w\u00fcnsche mir eine Gitarre! Mit viel jugendlicher Naivit\u00e4t und hartn\u00e4ckigem Fleiss erarbeitete er sich die Grundbegriffe des Gitarrenspiels und beeindruckte damit seine Schulkameraden im Knaben-Internat. Bald schon verfiel er mit Haut und Haar der <span class=\"read-more\"><a class=\"more-link btn btn-transparent\" href=\"https:\/\/pepperstrings.ch\/index.php\/the-story-of-pepper-strings\/\">Read More &#8230;<\/a><\/span><\/p>\n","protected":false},"author":1,"featured_media":0,"parent":0,"menu_order":0,"comment_status":"closed","ping_status":"closed","template":"","meta":{"footnotes":""},"folder":[],"class_list":["post-242","page","type-page","status-publish","hentry"],"_links":{"self":[{"href":"https:\/\/pepperstrings.ch\/index.php\/wp-json\/wp\/v2\/pages\/242","targetHints":{"allow":["GET"]}}],"collection":[{"href":"https:\/\/pepperstrings.ch\/index.php\/wp-json\/wp\/v2\/pages"}],"about":[{"href":"https:\/\/pepperstrings.ch\/index.php\/wp-json\/wp\/v2\/types\/page"}],"author":[{"embeddable":true,"href":"https:\/\/pepperstrings.ch\/index.php\/wp-json\/wp\/v2\/users\/1"}],"replies":[{"embeddable":true,"href":"https:\/\/pepperstrings.ch\/index.php\/wp-json\/wp\/v2\/comments?post=242"}],"version-history":[{"count":0,"href":"https:\/\/pepperstrings.ch\/index.php\/wp-json\/wp\/v2\/pages\/242\/revisions"}],"wp:attachment":[{"href":"https:\/\/pepperstrings.ch\/index.php\/wp-json\/wp\/v2\/media?parent=242"}],"wp:term":[{"taxonomy":"folder","embeddable":true,"href":"https:\/\/pepperstrings.ch\/index.php\/wp-json\/wp\/v2\/folder?post=242"}],"curies":[{"name":"wp","href":"https:\/\/api.w.org\/{rel}","templated":true}]}}

<figure class="wp-block-image size-large"><img loading="lazy" decoding="async" width="1024" height="710" src="https://pepperstrings.ch/wp-content/uploads/2020/02/story-s-1024x710.jpg" alt="" class="wp-image-741" srcset="https://pepperstrings.ch/wp-content/uploads/2020/02/story-s-1024x710.jpg 1024w, https://pepperstrings.ch/wp-content/uploads/2020/02/story-s-300x208.jpg 300w, https://pepperstrings.ch/wp-content/uploads/2020/02/story-s-768x532.jpg 768w, https://pepperstrings.ch/wp-content/uploads/2020/02/story-s-1536x1065.jpg 1536w, https://pepperstrings.ch/wp-content/uploads/2020/02/story-s-2048x1420.jpg 2048w" sizes="auto, (max-width: 1024px) 100vw, 1024px" /></figure>


<p>Im zarten Teenager-Alter wachte Wörni eines Morgens auf und wusste: ich wünsche mir eine Gitarre! Mit viel jugendlicher Naivität und hartnäckigem Fleiss erarbeitete er sich die Grundbegriffe des Gitarrenspiels und beeindruckte damit seine Schulkameraden im Knaben-Internat. Bald schon verfiel er mit Haut und Haar der amerikanischen Musik der 50er und 60er Jahre, insbesondere seinem Idol Elvis und dem Rock’n’Roll. Der Weg zur ersten Bandgründung war nicht mehr weit. Nach vielen wechselnden Bandgruppierungen und einer künstlerischen Pause entstand 2013 das Duo Pepper Strings mit Wörni an der Rhythmus-Gitarre und Roland am Kontrabass. Die Formation war ursprünglich als einmaliges Projekt gedacht, um die Jubiläumsfeier eines Geschäftes für Western- und Armee-Bekleidung musikalisch zu untermalen. Doch das Duo fand grossen Anklang und erhielt einige interessante Engagements. So stiess zu dem Duo bald der Drummer Andreas dazu. Das Konzept – bekannte und unbekanntere Cover-Songs aus den 50er und 60er Jahren – überzeugte das Publikum und brachte dem Trio über die Jahre zahlreiche Auftritte.</p>
<p>2015 erweiterte sich die Band mit Monika (Harp, Percussion und Gesang). Christian ersetzte 2016 die entstandene Vakanz am Bass und 2018 stiess Gabriel als neuer Drummer zu den Pepper Strings. Seit Ende 2019 ergänzt Dani mit seiner Leadgitarre die Band als 5. Mitglied.</p>

<p>Im zarten Teenager-Alter wachte Wörni eines Morgens auf und wusste: ich wünsche mir eine Gitarre! Mit viel jugendlicher Naivität und hartnäckigem Fleiss erarbeitete er sich die Grundbegriffe des Gitarrenspiels und beeindruckte damit seine Schulkameraden im Knaben-Internat. Bald schon verfiel er mit Haut und Haar der <span class="read-more"><a class="more-link btn btn-transparent" href="https://pepperstrings.ch/index.php/the-story-of-pepper-strings/">Read More &#8230;</a></span></p>
